{"version":"1.0","provider_name":"Pressenza","provider_url":"https:\/\/www.pressenza.com\/it\/","author_name":"Redazione Italia","author_url":"https:\/\/www.pressenza.com\/it\/author\/redazione-italia\/","title":"Continua il processo TAV nel silenzio mediatico","type":"rich","width":600,"height":338,"html":"<blockquote class=\"wp-embedded-content\" data-secret=\"JQbaSmymGw\"><a href=\"https:\/\/www.pressenza.com\/it\/2019\/10\/continua-il-processo-tav-nel-silenzio-mediatico\/\">Continua il processo TAV nel silenzio mediatico<\/a><\/blockquote><iframe sandbox=\"allow-scripts\" security=\"restricted\" src=\"https:\/\/www.pressenza.com\/it\/2019\/10\/continua-il-processo-tav-nel-silenzio-mediatico\/embed\/#?secret=JQbaSmymGw\" width=\"600\" height=\"338\" title=\"&#8220;Continua il processo TAV nel silenzio mediatico&#8221; &#8212; Pressenza\" data-secret=\"JQbaSmymGw\" frameborder=\"0\" marginwidth=\"0\" marginheight=\"0\" scrolling=\"no\" class=\"wp-embedded-content\"><\/iframe><script type=\"text\/javascript\">\n\/* <![CDATA[ *\/\n\/*! This file is auto-generated *\/\n!function(d,l){\"use strict\";l.querySelector&&d.addEventListener&&\"undefined\"!=typeof URL&&(d.wp=d.wp||{},d.wp.receiveEmbedMessage||(d.wp.receiveEmbedMessage=function(e){var t=e.data;if((t||t.secret||t.message||t.value)&&!\/[^a-zA-Z0-9]\/.test(t.secret)){for(var s,r,n,a=l.querySelectorAll('iframe[data-secret=\"'+t.secret+'\"]'),o=l.querySelectorAll('blockquote[data-secret=\"'+t.secret+'\"]'),c=new RegExp(\"^https?:$\",\"i\"),i=0;i<o.length;i++)o[i].style.display=\"none\";for(i=0;i<a.length;i++)s=a[i],e.source===s.contentWindow&&(s.removeAttribute(\"style\"),\"height\"===t.message?(1e3<(r=parseInt(t.value,10))?r=1e3:~~r<200&&(r=200),s.height=r):\"link\"===t.message&&(r=new URL(s.getAttribute(\"src\")),n=new URL(t.value),c.test(n.protocol))&&n.host===r.host&&l.activeElement===s&&(d.top.location.href=t.value))}},d.addEventListener(\"message\",d.wp.receiveEmbedMessage,!1),l.addEventListener(\"DOMContentLoaded\",function(){for(var e,t,s=l.querySelectorAll(\"iframe.wp-embedded-content\"),r=0;r<s.length;r++)(t=(e=s[r]).getAttribute(\"data-secret\"))||(t=Math.random().toString(36).substring(2,12),e.src+=\"#?secret=\"+t,e.setAttribute(\"data-secret\",t)),e.contentWindow.postMessage({message:\"ready\",secret:t},\"*\")},!1)))}(window,document);\n\/* ]]> *\/\n<\/script>\n","thumbnail_url":"https:\/\/www.pressenza.com\/wp-content\/uploads\/2019\/10\/No-TAV-liberi.jpg","thumbnail_width":761,"thumbnail_height":465,"description":"Ieri nuova udienza del processo sui presunti reati dei lavori relativi al Passante AV. Al di l\u00e0 della ricerca di responsabilit\u00e0 personali nella vicenda, quello che \u00e8 pi\u00f9 interessante \u00e8 vedere i particolari di questa opera sbagliata, osannata come non mai in quest\u2019ultimo periodo"}

Ieri nuova udienza del processo sui presunti reati dei lavori relativi al Passante AV. Al di là della ricerca di responsabilità personali nella vicenda, quello che è più interessante è vedere i particolari di questa opera sbagliata, osannata come non mai in quest’ultimo periodo
