{"version":"1.0","provider_name":"Pressenza","provider_url":"https:\/\/www.pressenza.com\/it\/","author_name":"Rocco Artifoni","author_url":"https:\/\/www.pressenza.com\/it\/author\/rocco-artifoni\/","title":"Legge elettorale: le contraddizioni della Lega","type":"rich","width":600,"height":338,"html":"<blockquote class=\"wp-embedded-content\" data-secret=\"R6RUeg9Q5F\"><a href=\"https:\/\/www.pressenza.com\/it\/2019\/09\/legge-elettorale-le-contraddizioni-della-lega\/\">Legge elettorale: le contraddizioni della Lega<\/a><\/blockquote><iframe sandbox=\"allow-scripts\" security=\"restricted\" src=\"https:\/\/www.pressenza.com\/it\/2019\/09\/legge-elettorale-le-contraddizioni-della-lega\/embed\/#?secret=R6RUeg9Q5F\" width=\"600\" height=\"338\" title=\"&#8220;Legge elettorale: le contraddizioni della Lega&#8221; &#8212; Pressenza\" data-secret=\"R6RUeg9Q5F\" frameborder=\"0\" marginwidth=\"0\" marginheight=\"0\" scrolling=\"no\" class=\"wp-embedded-content\"><\/iframe><script type=\"text\/javascript\">\n\/* <![CDATA[ *\/\n\/*! This file is auto-generated *\/\n!function(d,l){\"use strict\";l.querySelector&&d.addEventListener&&\"undefined\"!=typeof URL&&(d.wp=d.wp||{},d.wp.receiveEmbedMessage||(d.wp.receiveEmbedMessage=function(e){var t=e.data;if((t||t.secret||t.message||t.value)&&!\/[^a-zA-Z0-9]\/.test(t.secret)){for(var s,r,n,a=l.querySelectorAll('iframe[data-secret=\"'+t.secret+'\"]'),o=l.querySelectorAll('blockquote[data-secret=\"'+t.secret+'\"]'),c=new RegExp(\"^https?:$\",\"i\"),i=0;i<o.length;i++)o[i].style.display=\"none\";for(i=0;i<a.length;i++)s=a[i],e.source===s.contentWindow&&(s.removeAttribute(\"style\"),\"height\"===t.message?(1e3<(r=parseInt(t.value,10))?r=1e3:~~r<200&&(r=200),s.height=r):\"link\"===t.message&&(r=new URL(s.getAttribute(\"src\")),n=new URL(t.value),c.test(n.protocol))&&n.host===r.host&&l.activeElement===s&&(d.top.location.href=t.value))}},d.addEventListener(\"message\",d.wp.receiveEmbedMessage,!1),l.addEventListener(\"DOMContentLoaded\",function(){for(var e,t,s=l.querySelectorAll(\"iframe.wp-embedded-content\"),r=0;r<s.length;r++)(t=(e=s[r]).getAttribute(\"data-secret\"))||(t=Math.random().toString(36).substring(2,12),e.src+=\"#?secret=\"+t,e.setAttribute(\"data-secret\",t)),e.contentWindow.postMessage({message:\"ready\",secret:t},\"*\")},!1)))}(window,document);\n\/* ]]> *\/\n<\/script>\n","thumbnail_url":"https:\/\/www.pressenza.com\/wp-content\/uploads\/2019\/09\/camera_3.jpg","thumbnail_width":1000,"thumbnail_height":665,"description":"Entrando nel merito della richiesta di abolire la quota proporzionale della legge elettorale e conseguentemente di adottare un sistema totalmente maggioritario, se c\u2019\u00e8 un partito da cui non ti aspetti questa proposta \u00e8 proprio la Lega. \u00c8 il caso di ricordare che l\u2019attuale legge per eleggere deputati e senatori \u00e8 stata approvata due anni fa anche con i voti della Lega, che la sostenne \u201cturandosi il naso\u201d, poich\u00e9 la quota proporzionale era considerata insufficiente!"}

Entrando nel merito della richiesta di abolire la quota proporzionale della legge elettorale e conseguentemente di adottare un sistema totalmente maggioritario, se c’è un partito da cui non ti aspetti questa proposta è proprio la Lega. È il caso di ricordare che l’attuale legge per eleggere deputati e senatori è stata approvata due anni fa anche con i voti della Lega, che la sostenne “turandosi il naso”, poiché la quota proporzionale era considerata insufficiente!
