{"version":"1.0","provider_name":"Pressenza","provider_url":"https:\/\/www.pressenza.com\/it\/","author_name":"Patrizia Cecconi","author_url":"https:\/\/www.pressenza.com\/it\/author\/patrizia-cecconi\/","title":"Rischio di carneficina e Medio Oriente in fiamme","type":"rich","width":600,"height":338,"html":"<blockquote class=\"wp-embedded-content\" data-secret=\"VpObLssIwB\"><a href=\"https:\/\/www.pressenza.com\/it\/2019\/03\/rischio-carneficina-medio-oriente-in-fiamme\/\">Rischio di carneficina e Medio Oriente in fiamme<\/a><\/blockquote><iframe sandbox=\"allow-scripts\" security=\"restricted\" src=\"https:\/\/www.pressenza.com\/it\/2019\/03\/rischio-carneficina-medio-oriente-in-fiamme\/embed\/#?secret=VpObLssIwB\" width=\"600\" height=\"338\" title=\"&#8220;Rischio di carneficina e Medio Oriente in fiamme&#8221; &#8212; Pressenza\" data-secret=\"VpObLssIwB\" frameborder=\"0\" marginwidth=\"0\" marginheight=\"0\" scrolling=\"no\" class=\"wp-embedded-content\"><\/iframe><script type=\"text\/javascript\">\n\/* <![CDATA[ *\/\n\/*! This file is auto-generated *\/\n!function(d,l){\"use strict\";l.querySelector&&d.addEventListener&&\"undefined\"!=typeof URL&&(d.wp=d.wp||{},d.wp.receiveEmbedMessage||(d.wp.receiveEmbedMessage=function(e){var t=e.data;if((t||t.secret||t.message||t.value)&&!\/[^a-zA-Z0-9]\/.test(t.secret)){for(var s,r,n,a=l.querySelectorAll('iframe[data-secret=\"'+t.secret+'\"]'),o=l.querySelectorAll('blockquote[data-secret=\"'+t.secret+'\"]'),c=new RegExp(\"^https?:$\",\"i\"),i=0;i<o.length;i++)o[i].style.display=\"none\";for(i=0;i<a.length;i++)s=a[i],e.source===s.contentWindow&&(s.removeAttribute(\"style\"),\"height\"===t.message?(1e3<(r=parseInt(t.value,10))?r=1e3:~~r<200&&(r=200),s.height=r):\"link\"===t.message&&(r=new URL(s.getAttribute(\"src\")),n=new URL(t.value),c.test(n.protocol))&&n.host===r.host&&l.activeElement===s&&(d.top.location.href=t.value))}},d.addEventListener(\"message\",d.wp.receiveEmbedMessage,!1),l.addEventListener(\"DOMContentLoaded\",function(){for(var e,t,s=l.querySelectorAll(\"iframe.wp-embedded-content\"),r=0;r<s.length;r++)(t=(e=s[r]).getAttribute(\"data-secret\"))||(t=Math.random().toString(36).substring(2,12),e.src+=\"#?secret=\"+t,e.setAttribute(\"data-secret\",t)),e.contentWindow.postMessage({message:\"ready\",secret:t},\"*\")},!1)))}(window,document);\n\/* ]]> *\/\n<\/script>\n","thumbnail_url":"https:\/\/www.pressenza.com\/wp-content\/uploads\/2019\/03\/Marcia-del-Ritorno.jpg","thumbnail_width":750,"thumbnail_height":415,"description":"Domani 30 marzo, Giornata della Terra e anniversario dell\u2019inizio della Grande marcia per il ritorno, sar\u00e0 un giorno importante, forse tragicamente importante, in Palestina. Israele ha gi\u00e0 comunicato che far\u00e0 fucilare chiunque si avvicini alla recinzione. Lo ha sempre fatto e domani forse lo far\u00e0 con maggiore zelo. Il premier dello Stato ebraico ha dichiarato che non esclude la possibilit\u00e0 di un attacco da terra (quindi contro la popolazione civile)"}

Domani 30 marzo, Giornata della Terra e anniversario dell’inizio della Grande marcia per il ritorno, sarà un giorno importante, forse tragicamente importante, in Palestina. Israele ha già comunicato che farà fucilare chiunque si avvicini alla recinzione. Lo ha sempre fatto e domani forse lo farà con maggiore zelo. Il premier dello Stato ebraico ha dichiarato che non esclude la possibilità di un attacco da terra (quindi contro la popolazione civile)
