{"version":"1.0","provider_name":"Pressenza","provider_url":"https:\/\/www.pressenza.com\/fr\/","author_name":"Isabel Garcia","author_url":"https:\/\/www.pressenza.com\/fr\/author\/isabel-garcia\/","title":"Hommage \u00e0 KARIM AIT AISSI \u2013 Militant courageux.","type":"rich","width":600,"height":338,"html":"<blockquote class=\"wp-embedded-content\" data-secret=\"EAo1avgSy1\"><a href=\"https:\/\/www.pressenza.com\/fr\/2011\/05\/hommage-a-karim-ait-aissi-militant-courageuxx\/\">Hommage  \u00e0  KARIM AIT AISSI \u2013 Militant courageux.<\/a><\/blockquote><iframe sandbox=\"allow-scripts\" security=\"restricted\" src=\"https:\/\/www.pressenza.com\/fr\/2011\/05\/hommage-a-karim-ait-aissi-militant-courageuxx\/embed\/#?secret=EAo1avgSy1\" width=\"600\" height=\"338\" title=\"\u00ab\u00a0Hommage  \u00e0  KARIM AIT AISSI \u2013 Militant courageux.\u00a0\u00bb &#8212; Pressenza\" data-secret=\"EAo1avgSy1\" frameborder=\"0\" marginwidth=\"0\" marginheight=\"0\" scrolling=\"no\" class=\"wp-embedded-content\"><\/iframe><script type=\"text\/javascript\">\n\/* <![CDATA[ *\/\n\/*! This file is auto-generated *\/\n!function(d,l){\"use strict\";l.querySelector&&d.addEventListener&&\"undefined\"!=typeof URL&&(d.wp=d.wp||{},d.wp.receiveEmbedMessage||(d.wp.receiveEmbedMessage=function(e){var t=e.data;if((t||t.secret||t.message||t.value)&&!\/[^a-zA-Z0-9]\/.test(t.secret)){for(var s,r,n,a=l.querySelectorAll('iframe[data-secret=\"'+t.secret+'\"]'),o=l.querySelectorAll('blockquote[data-secret=\"'+t.secret+'\"]'),c=new RegExp(\"^https?:$\",\"i\"),i=0;i<o.length;i++)o[i].style.display=\"none\";for(i=0;i<a.length;i++)s=a[i],e.source===s.contentWindow&&(s.removeAttribute(\"style\"),\"height\"===t.message?(1e3<(r=parseInt(t.value,10))?r=1e3:~~r<200&&(r=200),s.height=r):\"link\"===t.message&&(r=new URL(s.getAttribute(\"src\")),n=new URL(t.value),c.test(n.protocol))&&n.host===r.host&&l.activeElement===s&&(d.top.location.href=t.value))}},d.addEventListener(\"message\",d.wp.receiveEmbedMessage,!1),l.addEventListener(\"DOMContentLoaded\",function(){for(var e,t,s=l.querySelectorAll(\"iframe.wp-embedded-content\"),r=0;r<s.length;r++)(t=(e=s[r]).getAttribute(\"data-secret\"))||(t=Math.random().toString(36).substring(2,12),e.src+=\"#?secret=\"+t,e.setAttribute(\"data-secret\",t)),e.contentWindow.postMessage({message:\"ready\",secret:t},\"*\")},!1)))}(window,document);\n\/* ]]> *\/\n<\/script>\n","description":"\"Notre camarade Karim A\u00eft Aissi, n\u00e9 le 9 janvier 1974 \u00e0 Boumerdes, Alg\u00e9rie est d\u00e9c\u00e9d\u00e9 ce mercredi 11 mai 2011, suite \u00e0 un arr\u00eat cardiaque \u00e0 l\u2019\u00e2ge de 37 ans. Karim est un des fondateurs du mouvement humaniste en Alg\u00e9rie,il a consacr\u00e9 une grande partie de sa vie \u00e0 militer aupr\u00e8s du Front des Forces Socialistes Alg\u00e9riennes (FFS)..."}

Hommage à KARIM AIT AISSI – Militant courageux.

<blockquote class="wp-embedded-content" data-secret="EAo1avgSy1"><a href="https://www.pressenza.com/fr/2011/05/hommage-a-karim-ait-aissi-militant-courageuxx/">Hommage  à  KARIM AIT AISSI – Militant courageux.</a></blockquote><iframe sandbox="allow-scripts" security="restricted" src="https://www.pressenza.com/fr/2011/05/hommage-a-karim-ait-aissi-militant-courageuxx/embed/#?secret=EAo1avgSy1" width="600" height="338" title="« Hommage  à  KARIM AIT AISSI – Militant courageux. » &#8212; Pressenza" data-secret="EAo1avgSy1" frameborder="0" marginwidth="0" marginheight="0" scrolling="no" class="wp-embedded-content"></iframe><script type="text/javascript">
/* <![CDATA[ */
/*! This file is auto-generated */
!function(d,l){"use strict";l.querySelector&&d.addEventListener&&"undefined"!=typeof URL&&(d.wp=d.wp||{},d.wp.receiveEmbedMessage||(d.wp.receiveEmbedMessage=function(e){var t=e.data;if((t||t.secret||t.message||t.value)&&!/[^a-zA-Z0-9]/.test(t.secret)){for(var s,r,n,a=l.querySelectorAll('iframe[data-secret="'+t.secret+'"]'),o=l.querySelectorAll('blockquote[data-secret="'+t.secret+'"]'),c=new RegExp("^https?:$","i"),i=0;i<o.length;i++)o[i].style.display="none";for(i=0;i<a.length;i++)s=a[i],e.source===s.contentWindow&&(s.removeAttribute("style"),"height"===t.message?(1e3<(r=parseInt(t.value,10))?r=1e3:~~r<200&&(r=200),s.height=r):"link"===t.message&&(r=new URL(s.getAttribute("src")),n=new URL(t.value),c.test(n.protocol))&&n.host===r.host&&l.activeElement===s&&(d.top.location.href=t.value))}},d.addEventListener("message",d.wp.receiveEmbedMessage,!1),l.addEventListener("DOMContentLoaded",function(){for(var e,t,s=l.querySelectorAll("iframe.wp-embedded-content"),r=0;r<s.length;r++)(t=(e=s[r]).getAttribute("data-secret"))||(t=Math.random().toString(36).substring(2,12),e.src+="#?secret="+t,e.setAttribute("data-secret",t)),e.contentWindow.postMessage({message:"ready",secret:t},"*")},!1)))}(window,document);
/* ]]> */
</script>

"Notre camarade Karim Aït Aissi, né le 9 janvier 1974 à Boumerdes, Algérie est décédé ce mercredi 11 mai 2011, suite à un arrêt cardiaque à l’âge de 37 ans. Karim est un des fondateurs du mouvement humaniste en Algérie,il a consacré une grande partie de sa vie à militer auprès du Front des Forces Socialistes Algériennes (FFS)...
