{"version":"1.0","provider_name":"Pressenza","provider_url":"https:\/\/www.pressenza.com\/es\/","author_name":"Redazione Italia","author_url":"https:\/\/www.pressenza.com\/es\/author\/redazione-italia\/","title":"En Kiev, el invierno parece no terminar nunca","type":"rich","width":600,"height":338,"html":"<blockquote class=\"wp-embedded-content\" data-secret=\"AwtLsnR0Ry\"><a href=\"https:\/\/www.pressenza.com\/es\/2025\/11\/en-kiev-el-invierno-parece-no-terminar-nunca\/\">En Kiev, el invierno parece no terminar nunca<\/a><\/blockquote><iframe sandbox=\"allow-scripts\" security=\"restricted\" src=\"https:\/\/www.pressenza.com\/es\/2025\/11\/en-kiev-el-invierno-parece-no-terminar-nunca\/embed\/#?secret=AwtLsnR0Ry\" width=\"600\" height=\"338\" title=\"\u00abEn Kiev, el invierno parece no terminar nunca\u00bb \u2014 Pressenza\" data-secret=\"AwtLsnR0Ry\" frameborder=\"0\" marginwidth=\"0\" marginheight=\"0\" scrolling=\"no\" class=\"wp-embedded-content\"><\/iframe><script type=\"text\/javascript\">\n\/* <![CDATA[ *\/\n\/*! This file is auto-generated *\/\n!function(d,l){\"use strict\";l.querySelector&&d.addEventListener&&\"undefined\"!=typeof URL&&(d.wp=d.wp||{},d.wp.receiveEmbedMessage||(d.wp.receiveEmbedMessage=function(e){var t=e.data;if((t||t.secret||t.message||t.value)&&!\/[^a-zA-Z0-9]\/.test(t.secret)){for(var s,r,n,a=l.querySelectorAll('iframe[data-secret=\"'+t.secret+'\"]'),o=l.querySelectorAll('blockquote[data-secret=\"'+t.secret+'\"]'),c=new RegExp(\"^https?:$\",\"i\"),i=0;i<o.length;i++)o[i].style.display=\"none\";for(i=0;i<a.length;i++)s=a[i],e.source===s.contentWindow&&(s.removeAttribute(\"style\"),\"height\"===t.message?(1e3<(r=parseInt(t.value,10))?r=1e3:~~r<200&&(r=200),s.height=r):\"link\"===t.message&&(r=new URL(s.getAttribute(\"src\")),n=new URL(t.value),c.test(n.protocol))&&n.host===r.host&&l.activeElement===s&&(d.top.location.href=t.value))}},d.addEventListener(\"message\",d.wp.receiveEmbedMessage,!1),l.addEventListener(\"DOMContentLoaded\",function(){for(var e,t,s=l.querySelectorAll(\"iframe.wp-embedded-content\"),r=0;r<s.length;r++)(t=(e=s[r]).getAttribute(\"data-secret\"))||(t=Math.random().toString(36).substring(2,12),e.src+=\"#?secret=\"+t,e.setAttribute(\"data-secret\",t)),e.contentWindow.postMessage({message:\"ready\",secret:t},\"*\")},!1)))}(window,document);\n\/* ]]> *\/\n<\/script>\n","thumbnail_url":"https:\/\/www.pressenza.com\/wp-content\/uploads\/2025\/11\/IMG-20250930-WA0009.jpg","thumbnail_width":1800,"thumbnail_height":900,"description":"Kiev permanece en un estado de quietud interior, aunque la vida vuelve gradualmente a sus calles. La ciudad coexiste con la guerra: los paisajes, las Testimonio en primera persona sobre c\u00f3mo la guerra se ha convertido en el tel\u00f3n de fondo de la vida diaria en Kiev. Un relato sobre la normalizaci\u00f3n del conflicto, la p\u00e9rdida de la juventud y la transformaci\u00f3n permanente de una ciudad y sus habitantes. Descubre el impacto psicol\u00f3gico de la guerra en la poblaci\u00f3n civil."}

Kiev permanece en un estado de quietud interior, aunque la vida vuelve gradualmente a sus calles. La ciudad coexiste con la guerra: los paisajes, las Testimonio en primera persona sobre cómo la guerra se ha convertido en el telón de fondo de la vida diaria en Kiev. Un relato sobre la normalización del conflicto, la pérdida de la juventud y la transformación permanente de una ciudad y sus habitantes. Descubre el impacto psicológico de la guerra en la población civil.
