{"version":"1.0","provider_name":"Pressenza","provider_url":"https:\/\/www.pressenza.com\/es\/","author_name":"Radio Netherlands","author_url":"https:\/\/www.pressenza.com\/es\/author\/radio-netherlands\/","title":"Paro laboral en Grecia","type":"rich","width":600,"height":338,"html":"<blockquote class=\"wp-embedded-content\" data-secret=\"zkaqPYOBVR\"><a href=\"https:\/\/www.pressenza.com\/es\/2011\/02\/paro-laboral-en-grecia\/\">Paro laboral en Grecia<\/a><\/blockquote><iframe sandbox=\"allow-scripts\" security=\"restricted\" src=\"https:\/\/www.pressenza.com\/es\/2011\/02\/paro-laboral-en-grecia\/embed\/#?secret=zkaqPYOBVR\" width=\"600\" height=\"338\" title=\"\u00abParo laboral en Grecia\u00bb \u2014 Pressenza\" data-secret=\"zkaqPYOBVR\" frameborder=\"0\" marginwidth=\"0\" marginheight=\"0\" scrolling=\"no\" class=\"wp-embedded-content\"><\/iframe><script type=\"text\/javascript\">\n\/* <![CDATA[ *\/\n\/*! This file is auto-generated *\/\n!function(d,l){\"use strict\";l.querySelector&&d.addEventListener&&\"undefined\"!=typeof URL&&(d.wp=d.wp||{},d.wp.receiveEmbedMessage||(d.wp.receiveEmbedMessage=function(e){var t=e.data;if((t||t.secret||t.message||t.value)&&!\/[^a-zA-Z0-9]\/.test(t.secret)){for(var s,r,n,a=l.querySelectorAll('iframe[data-secret=\"'+t.secret+'\"]'),o=l.querySelectorAll('blockquote[data-secret=\"'+t.secret+'\"]'),c=new RegExp(\"^https?:$\",\"i\"),i=0;i<o.length;i++)o[i].style.display=\"none\";for(i=0;i<a.length;i++)s=a[i],e.source===s.contentWindow&&(s.removeAttribute(\"style\"),\"height\"===t.message?(1e3<(r=parseInt(t.value,10))?r=1e3:~~r<200&&(r=200),s.height=r):\"link\"===t.message&&(r=new URL(s.getAttribute(\"src\")),n=new URL(t.value),c.test(n.protocol))&&n.host===r.host&&l.activeElement===s&&(d.top.location.href=t.value))}},d.addEventListener(\"message\",d.wp.receiveEmbedMessage,!1),l.addEventListener(\"DOMContentLoaded\",function(){for(var e,t,s=l.querySelectorAll(\"iframe.wp-embedded-content\"),r=0;r<s.length;r++)(t=(e=s[r]).getAttribute(\"data-secret\"))||(t=Math.random().toString(36).substring(2,12),e.src+=\"#?secret=\"+t,e.setAttribute(\"data-secret\",t)),e.contentWindow.postMessage({message:\"ready\",secret:t},\"*\")},!1)))}(window,document);\n\/* ]]> *\/\n<\/script>\n","description":"En Grecia tiene lugar un paro general contra la pol\u00edtica de austeridad del gobierno mientras el Primer Ministro Yorgos Papandreu intenta que la Uni\u00f3n Europea aten\u00fae la presi\u00f3n sobre su pa\u00eds. Debido al paro no hay transporte hacia las islas, no circulan los trenes ni gran parte del transporte urbano y el tr\u00e1nsito a\u00e9reo tambi\u00e9n est\u00e1 perturbado."}

En Grecia tiene lugar un paro general contra la política de austeridad del gobierno mientras el Primer Ministro Yorgos Papandreu intenta que la Unión Europea atenúe la presión sobre su país. Debido al paro no hay transporte hacia las islas, no circulan los trenes ni gran parte del transporte urbano y el tránsito aéreo también está perturbado.
